
Let c(v) = v**3 + v - 4. Let o(z) = -z**3 - 7*z**2 - 5*z + 6. Let j(y) = 4*y - 2. Suppose -13*t + 2 = -15*t. Let w be j(t). Let s be o(w). Give c(s).
-4
Let m(v) = -2*v. Suppose 0 = -5*n - 2*z + 6 + 5, -n - 1 = 2*z. Let q be ((-5)/n)/(16/(-3) - -5). Calculate m(q).
-10
Let j(t) be the first derivative of 13*t**2/2 + 22. Give j(-2).
-26
Let k(p) = 3 - 3*p**3 - 6*p**2 + 2*p**3 + 2*p**3 - p. Let j = -20 + -6. Let c = -20 - j. Determine k(c).
-3
Let g(t) be the first derivative of -t**4 + t**3/3 - t**2 + t + 4. Let s(v) = v**3 - 6*v**2 - 9*v + 10. Let m be s(7). Let w = -3 - m. Calculate g(w).
-4
Suppose 0 = z + 4*z - 5. Suppose -2 = -s + z. Suppose s*t + 15 = 3. Let n(a) = a**3 + 6*a**2 + 4*a - 4. Give n(t).
12
Let b(n) = -5*n**3 + 11*n**2 - 3*n - 9. Let x(p) = -p**3 + p**2 - 1. Let z(o) = -b(o) + 4*x(o). Give z(5).
-30
Let b(u) = -12*u - 19. Let h be b(-3). Suppose -c + 8 = 4*r, -2*r = 3*c - h + 3. Let q(g) = g**3 + g**2 - g. Calculate q(r).
1
Let a(g) = 21*g**3 - 8*g**3 - 6*g**2 - 9*g - 8 + 7*g - 7*g**3 - 7*g**3. Calculate a(-5).
-23
Let b(t) = 4*t - 14. Let h be b(7). Suppose -4*j - 2*p = h + 4, 0 = 5*j + 3*p + 24. Let u(x) = -x**2 - 2*x + 2. Calculate u(j).
-1
Let o(b) be the third derivative of -b**4/12 - b**3/6 - b**2. Let k be (-6)/(-10) - -9*(-42)/(-45). Suppose -25*t = -k*t + 48. Determine o(t).
5
Let k(v) = -9*v**2 - 5*v + 11. Let r(o) = -2*o**2 - o + 2. Suppose -4*m = j + 12, 2*j = 5*m - 10*m - 18. Let x(w) = m*k(w) + 11*r(w). What is x(1)?
-5
Let w(x) be the second derivative of -5*x + 0 - 5/2*x**2 + 1/6*x**3. Let z be w(6). Let i(c) = -4*c + 1. Determine i(z).
-3
Let b(q) be the second derivative of q**3/3 - 7*q**2 - 126*q. Calculate b(11).
8
Let m(f) = -f**2 + 10*f - 33. Let z(u) = 3. Let s(j) = -m(j) - 6*z(j). Determine s(2).
-1
Suppose 0 = -0*u + 6*u - 30. Let z(h) = -11*h**2 - 10*h - 3. Let t(a) = 1 - 7*a - 1 - 7*a**2 - 2. Let p(x) = u*z(x) - 8*t(x). Give p(-3).
-8
Let i(c) be the third derivative of -c**5/60 - c**4/4 + 17*c**2 + 3*c. What is i(-5)?
5
Let k be (-12)/(-2)*(4 + -3). Let o be (k/18)/(2/12). Let f(z) = -o*z**3 + z**3 + 2*z - 3*z - 6 + 2*z**3 + z**2. Give f(0).
-6
Let l(t) = -34*t - 11. Let d(k) = 5*k + 1. Let s(o) = -7*d(o) - l(o). Calculate s(1).
3
Let n(w) = 5*w**2 - 9*w. Let b(v) = 3*v**2 - 5*v. Let i(s) = 7*b(s) - 4*n(s). Suppose -1 + 4 = -3*l. Let o = l + 1. Determine i(o).
0
Let a(m) = -m - 13. Suppose -18*u - 89 - 109 = 0. Determine a(u).
-2
Let r(m) = 2*m + 7. Let o be r(3). Let x(h) = h**2 - 12*h - 5. What is x(o)?
8
Let q(y) = -y**2 - 22*y + 3. Let r = 466 + -488. What is q(r)?
3
Let d(y) = -2*y + 5 - 8 + 3*y - 9. Let q be d(9). Let m(b) = -b. Calculate m(q).
3
Suppose -2*n - 6 = -n. Let x(f) be the first derivative of -f**2/2 - 10*f + 14. What is x(n)?
-4
Suppose -3*b + 8 = -13. Let o(w) be the first derivative of w**4/4 - 8*w**3/3 + 5*w**2/2 + 4*w + 122. Calculate o(b).
-10
Let g(c) = -c**2 + 12*c + 4. Suppose 5*z = 4*b + 6*z - 33, 3*b - z = 23. Determine g(b).
36
Let o(g) = 4 - 2*g**2 - 6*g + 3*g**2 - 3 + 0*g**2. Let t(z) = z**3 - z. Let u be t(2). Give o(u).
1
Let d be (-2)/3 + 22/6. Let m(g) be the first derivative of 3/2*g**2 - 6 - 1/3*g**3 - 3*g. What is m(d)?
-3
Let p be ((-38)/(-14) - 3)*-7. Let a = -3 - -7. Let f(h) = -h + 2*h - 2 - 2*h**3 + a*h**2 - 2*h. Determine f(p).
-4
Suppose -m - 2 = -3. Let g(v) = -2*v**3 - 4*v + 3. Let f = 11 - 4. Let b(c) = 6*c**3 + 13*c - 10. Let i(r) = f*g(r) + 2*b(r). Calculate i(m).
-3
Let y(h) = -h + 5. Let l(b) = -b**2 - 11*b - 13. Let d be l(-11). Let s = d + 20. What is y(s)?
-2
Let s(q) = 6*q + 64. Suppose -2*z = -5*i - 40, -5*z - 69 = 4*i - 4. Calculate s(i).
4
Suppose -3*g + 0*k - 9 = 5*k, 18 = 3*g - 4*k. Let u(q) = -78 + 39 + 35 + 3*q**2 - 6*q**2 + q**3 + g*q. Let x(b) = -b**2 - 4*b. Let s be x(-3). Give u(s).
2
Suppose -4*b + 5*d - 12 = -0*b, d = 5*b - 6. Suppose 0 = -2*q - 2*c + 4, 0 = 2*q - 0*c - 5*c - 18. Let y(u) = b*u - 3 - 8*u + q*u. What is y(-2)?
1
Let t(a) be the first derivative of a**2/2 - 5*a + 2. Let z = 17 + -16. Suppose 4 + z = q. Give t(q).
0
Let j(p) = -3 - 6*p + 0 + 0. Let y(l) = -l**3 - 7*l**2 + 7*l - 10. Let k be y(-8). What is j(k)?
9
Suppose -3*x = 3*h, h = -2*x - 4*h - 15. Let n(z) be the first derivative of z**4/4 - 2*z**3 + 3*z**2/2 + 7*z - 81. Determine n(x).
-3
Let p(x) be the third derivative of -x**6/120 + 11*x**5/60 + 5*x**4/12 + 17*x**3/6 + 39*x**2. Determine p(12).
-7
Let l(z) be the third derivative of 0*z + 1/12*z**4 - 5*z**2 + 0 - 1/3*z**3. Determine l(5).
8
Let p = -43 + 43. Let c be 0 - ((-2)/(-1) - p - 5). Let w(g) = -g**3 + 3*g**2 + 2*g + 1. Calculate w(c).
7
Let v(t) = 1 - 3 - 10*t + 3 + 11*t. Let r = -26 - -22. What is v(r)?
-3
Suppose 39*w = -214 - 20. Let i(d) be the third derivative of -d**5/60 - d**4/4 - 4*d**3/3 + 2*d**2. Give i(w).
-8
Suppose 0 = -r - g + 13, -5*r = -3*g + 6 - 63. Suppose -2*t + r = 2*t. Let m(o) be the second derivative of -o**3/6 + o**2 + o. What is m(t)?
-1
Let h(b) = -6*b - 48. Suppose -2*c - 3*u - 3 = 0, -7*u - 10 = -9*u. Calculate h(c).
6
Let i(f) = 9*f + 5. Let l(o) = -2*o - 1. Let s(y) = -i(y) - 4*l(y). Suppose 8 = x - 0. Let r = -14 + x. Calculate s(r).
5
Let t(r) = -2*r - 3. Suppose 5*m - 2 + 12 = 0. Let n be t(m). Suppose 5*k + n = 26. Let x(z) = -2*z - 2. Give x(k).
-12
Let d(s) = 16*s + 5. Let q be d(4). Let h be 6/(-21) - q/(-21). Let z = 7 - h. Let u(c) = 2*c - 4. Give u(z).
4
Let u(d) be the first derivative of -d**2/2 - 11*d + 4. Let y(p) = p - 6. Let o be y(7). Let a be (0/5)/(3 - o). Calculate u(a).
-11
Let p(r) = -3*r**2 - 1. Let g = -7 + 13. Suppose g*c - 4*w = 2*c - 12, -w = 2*c. Calculate p(c).
-4
Let q = 13 - 10. Let n(t) = -3*t**3 + 6*t**3 - 4*t - 2*t**3 - q - 2*t**3 + 5*t**2. Suppose -x - 3*x = -4*a - 28, 13 = x - 3*a. Calculate n(x).
-3
Let o(s) = -2*s**2 - 43 + 79 - 42 + s - 9*s. What is o(-4)?
-6
Let p(t) = -25*t - 4. Let s(v) = 13. Let b(f) = 5. Let r(m) = 8*b(m) - 3*s(m). Let y(k) = p(k) + 5*r(k). Give y(-1).
26
Let g = 8527/24 - 355. Let u(j) be the third derivative of 0 + 0*j**3 + 1/60*j**5 + g*j**4 + 0*j - 3*j**2. What is u(-5)?
-10
Let h(n) = -n**3 - 2*n**2 + 7*n + 13. Let d be h(-4). Suppose 12*z - 10 = d*z. Let x(f) = -4*f - 3. Give x(z).
5
Let g(t) = -t**3 + t**2 + 5. Let l(h) be the first derivative of h**3/3 - h - 24. Let n(y) = g(y) - l(y). What is n(0)?
6
Let a(l) be the third derivative of 0 + 1/3*l**3 + 0*l - 7/24*l**4 - 32*l**2. Give a(2).
-12
Let w(l) = 2*l**3 - 8*l**2 + l + 11. Let j(x) = x**3 - 4*x**2 + x + 6. Let u(o) = 5*j(o) - 3*w(o). Determine u(5).
-18
Suppose -9 = -4*n - 0*t - 3*t, -3*n - 4*t + 12 = 0. Let k(s) = -s**2 + s - 31. Determine k(n).
-31
Let k(u) = -3 - u + 2*u**3 - 6*u**3 + 4 + 3*u**3. Let r(a) = 10*a**3 - a**2 - 2*a + 3. Let f(i) = 4*k(i) - r(i). Give f(1).
-14
Let f(c) = c - 6. Let l be (6/(-4))/((-36)/(-48)). Let x(o) = -3*o**2 - 3*o. Let s be x(l). Let y(v) = -v**3 - 6*v**2 + v + 6. Let n be y(s). Give f(n).
-6
Let c(a) be the third derivative of a**8/20160 - a**7/1260 - a**6/180 - a**5/10 + 3*a**2. Let v(y) be the third derivative of c(y). Calculate v(4).
-4
Let g(l) = -l**3 - l - 2. Let o be g(0). Let a(r) be the first derivative of r**4/2 + 4*r**3/3 + 2*r**2 + 2*r - 566. Give a(o).
-6
Let t = -72 - -76. Suppose i - 2 = -v, -8*i + 4*i + t*v + 40 = 0. Let s(x) = x**2 - 5*x + 1. Give s(i).
7
Let u(d) = 19*d - 2. Suppose -53 = -24*j - 77. Determine u(j).
-21
Let j(w) = w + 2. Suppose 488 = -5*k + 3*x, -2*x + 486 = -5*k - x. Let f = -106 - k. Determine j(f).
-7
Let k = -70 - -144. Let v = 83 - k. Let p(l) = 2*l - 12. Determine p(v).
6
Let w(d) = d - 2. Let b = 25 + -14. Suppose 0 = -b*q + 12 + 76. Give w(q).
6
Suppose 2*j = 3*p - 23, 5*j + 11 - 1 = -2*p. Let r(u) = 0*u**2 - 8 - 25*u + 3 + 33*u + 4*u**2 - u**3. Calculate r(p).
10
Let o(f) = 2*f + 262 - 270 - 7*f. Determine o(7).
-43
Suppose 2*j + 356 - 352 = 0. Let h(g) = 2*g**3 + 2*g**2 - 2*g - 2. What is h(j)?
-6
Let o(i) = i**2 + 6*i + 3. Let x(z) = 2*z**2 + 13*z + 6. Let v(y) = -7*o(y) + 3*x(y). Let f be v(-3). Let a(l) = -24*l + l - l**2 + 16*l + 6*l - 4. Give a(f).
-10
Let g(b) = 10*b**2 + 2*b + 1. Let w(k) = 3*k**2 + k. Let u(f) = g(f) - 3*w(f). Calculate u(5).
21
Let s(j) = j**3 + 6*j**2 - 9*j - 16. Suppose -5*v - 3 = -n, -5*n - 20*v = -16*v + 43. What is s(n)?
-2
L